?
False
Is 64 a factor of 24064?
True
Is 31 a factor of 198?
False
Is 30 a factor of 1231?
False
Does 6 divide 15303?
False
Does 23 divide 2461?
True
Does 20 divide 22?
False
Is 2870 a multiple of 35?
True
Is 1152 a multiple of 32?
True
Does 44 divide 2811?
False
Is 43 a factor of 17243?
True
Is 1103 a multiple of 8?
False
Is 5736 a multiple of 14?
False
Does 11 divide 395?
False
Is 38360 a multiple of 40?
True
Is 3215 a multiple of 20?
False
Is 2775 a multiple of 25?
True
Is 14 a factor of 602?
True
Is 3861 a multiple of 5?
False
Is 289 a multiple of 7?
False
Does 6 divide 654?
True
Is 7 a factor of 1813?
True
Is 62935 a multiple of 7?
False
Is 959 a multiple of 22?
False
Does 7 divide 419?
False
Does 29 divide 70847?
True
Does 55 divide 330?
True
Is 69 a factor of 2138?
False
Is 86 a factor of 29679?
False
Does 10 divide 56?
False
Is 10 a factor of 1040?
True
Does 354 divide 9912?
True
Does 7 divide 1018?
False
Is 23 a factor of 4393?
True
Is 33050 a multiple of 30?
False
Does 11 divide 136?
False
Does 21 divide 1540?
False
Is 82 a multiple of 10?
False
Is 14 a factor of 6017?
False
Is 9 a factor of 234?
True
Is 13270 a multiple of 22?
False
Is 2 a factor of 40?
True
Does 21 divide 23975?
False
Is 14 a factor of 1330?
True
Does 14 divide 3340?
False
Is 83 a factor of 249?
True
Does 39 divide 5577?
True
Is 3 a factor of 405?
True
Does 20 divide 700?
True
Is 34 a factor of 806?
False
Is 12 a factor of 228?
True
Does 39 divide 395?
False
Does 15 divide 645?
True
Is 2672 a multiple of 8?
True
Does 35 divide 1873?
False
Is 5220 a multiple of 15?
True
Does 54 divide 1674?
True
Is 6425 a multiple of 25?
True
Is 16 a factor of 192?
True
Is 11 a factor of 740?
False
Is 14430 a multiple of 10?
True
Is 45 a factor of 10620?
True
Does 7 divide 241?
False
Is 5788 a multiple of 43?
False
Is 681 a multiple of 9?
False
Is 102 a factor of 5202?
True
Is 25 a factor of 20525?
True
Is 150 a multiple of 25?
True
Is 990 a multiple of 8?
False
Is 36 a factor of 14470?
False
Does 10 divide 382?
False
Is 9 a factor of 495?
True
Does 11 divide 10791?
True
Is 2387 a multiple of 7?
True
Is 2131 a multiple of 57?
False
Is 16 a factor of 2636?
False
Does 8 divide 6852?
False
Does 4 divide 13004?
True
Does 213 divide 113529?
True
Does 19 divide 5719?
True
Is 92 a factor of 556?
False
Does 28 divide 15148?
True
Is 96 a factor of 1272?
False
Is 9 a factor of 5512?
False
Is 81 a factor of 1133?
False
Is 17116 a multiple of 44?
True
Is 38 a factor of 42370?
True
Does 8 divide 78780?
False
Is 10942 a multiple of 39?
False
Is 3 a factor of 27?
True
Is 6817 a multiple of 14?
False
Does 28 divide 484?
False
Does 5 divide 58?
False
Is 963 a multiple of 46?
False
Is 198 a multiple of 6?
True
Does 14 divide 4707?
False
Is 12 a factor of 1414?
False
Is 3234 a multiple of 98?
True
Does 49 divide 2646?
True
Is 230 a multiple of 5?
True
Is 29404 a multiple of 172?
False
Is 562 a multiple of 9?
False
Does 7 divide 884?
False
Is 28 a factor of 5723?
False
Does 7 divide 28945?
True
Is 985 a multiple of 4?
False
Is 5 a factor of 70?
True
Is 1932 a multiple of 7?
True
Does 3 divide 24?
True
Is 22 a factor of 30052?
True
Is 1180 a multiple of 59?
True
Is 76 a factor of 1406?
False
Is 19910 a multiple of 9?
False
Is 744 a multiple of 5?
False
Does 40 divide 1345?
False
Is 2562 a multiple of 14?
True
Is 10 a factor of 467?
False
Is 16 a factor of 315?
False
Does 15 divide 135?
True
Is 82 a factor of 10356?
False
Is 160 a multiple of 18?
False
Is 60 a factor of 84?
False
Does 41 divide 5010?
False
Is 121 a factor of 16940?
True
Is 7 a factor of 147?
True
Does 50 divide 10200?
True
Does 23 divide 253?
True
Is 26 a factor of 51?
False
Does 15 divide 4230?
True
Is 29 a factor of 74588?
True
Is 210 a multiple of 15?
True
Is 545 even?
False
Does 72 divide 1593?
False
Is 2 a factor of 1619?
False
Does 55 divide 1210?
True
Is 18792 a multiple of 108?
True
Is 10710 a multiple of 6?
True
Is 13 a factor of 6604?
True
Does 6 divide 1752?
True
Is 22 a factor of 67?
False
Is 10 a factor of 430?
True
Is 46 a factor of 14168?
True
Is 3 a factor of 11153?
False
Is 1198 a multiple of 4?
False
Is 48146 a multiple of 93?
False
Is 7 a factor of 6566?
True
Is 1120 a multiple of 5?
True
Is 12 even?
True
Is 9 a factor of 234?
True
Is 5081 a multiple of 133?
False
Is 200 a multiple of 10?
True
Is 18 a factor of 20102?
False
Does 24 divide 4152?
True
Is 273 a multiple of 13?
True
Is 364 a factor of 95732?
True
Does 25 divide 5836?
False
Is 22156 a multiple of 58?
True
Is 12 a factor of 968?
False
Is 9 a factor of 1251?
True
Is 33984 a multiple of 18?
True
Is 4 a factor of 344?
True
Is 6 a factor of 2263?
False
Is 480 a multiple of 15?
True
Is 3868 a multiple of 7?
False
Is 22 a factor of 12804?
True
Is 11906 a multiple of 8?
False
Is 2112 a multiple of 66?
True
Does 3 divide 2098?
False
Does 36 divide 10118?
False
Is 622 a multiple of 80?
False
Is 27 a factor of 13284?
True
Is 219 a multiple of 9?
False
Is 10 a factor of 390?
True
Does 116 divide 50228?
True
Is 4 a factor of 25024?
True
Is 796 a multiple of 77?
False
Does 14 divide 1254?
False
Is 9 a factor of 699?
False
Is 37 a factor of 1369?
True
Does 37 divide 1803?
False
Is 20 a multiple of 8?
False
Is 158 a factor of 12324?
True
Is 21490 a multiple of 40?
False
Is 37 a factor of 13477?
False
Does 70 divide 70?
True
Is 120 a factor of 41160?
True
Is 695 a multiple of 5?
True
Is 95 a factor of 734?
False
Is 15 a factor of 855?
True
Is 170 a factor of 49216?
False
Is 72114 a multiple of 303?
True
Is 5716 a multiple of 94?
False
Is 77 a factor of 6468?
True
Is 8558 a multiple of 3?
False
Does 18 divide 451?
False
Is 25 a factor of 725?
True
Is 13 a factor of 533?
True
Is 252 a multiple of 14?
True
Is 1341 a multiple of 145?
False
Does 147 divide 4851?
True
Does 8 divide 1624?
True
Is 19370 a multiple of 186?
False
Is 1235 a multiple of 19?
True
Is 18032 a multiple of 95?
False
Is 4340 a multiple of 20?
True
Does 11 divide 183?
False
Is 5069 a multiple of 62?
False
Is 47 a factor of 2401?
False
Does 8 divide 1888?
True
Does 18 divide 2142?
True
Is 1378 a multiple of 39?
False
Does 98 divide 196?
True
Does 58 divide 659?
False
Is 105 a factor of 7564?
False
Is 19280 a multiple of 40?
True
Does 18 divide 65?
False
Does 38 divide 768?
False
Is 11 a factor of 15739?
False
Is 81 a factor of 9626?
False
Is 13 a factor of 38441?
True
Is 13 a factor of 42263?
True
Is 41 a factor of 16709?
False
Is 10 a factor of 12814?
False
Is 5035 a multiple of 19?
True
Does 29 divide 652?
False
Is 2021 a multiple of 43?
True
Is 102 a factor of 5406?
True
Is 5040 a multiple of 144?
True
Is 12 a factor of 22153?
False
Does 40 divide 406?
False
Is 693 a multiple of 8?
False
Is 4 a factor of 517?
False
Is 12833 a multiple of 41?
True
Is 8149 a multiple of 152?
False
Does 27 divide 13581?
True
Is 4421 a multiple of 147?
False
Is 16 a factor of 128?
True
Is 19065 a multiple of 123?
True
Does 98 divide 37988?
False
Does 25 divide 1300?
True
Does 16 divide 21312?
True
Is 21 a factor of 526?
False
Does 8 divide 79184?
True
Is 171 a multiple of 19?
True
Does 37 divide 8480?
False
Is 5387 a multiple of 73?
False
Does 66 divide 11473?
False
Is 2015 a multiple of 65?
True
Is 5496 a multiple of 24?
True
Does 29 divide 5956?
False
Is 30 a factor of 9450?
True
Is 11913 a multiple of 33?
True
Is 12 a factor of 9893?
False
Is 16416 a multiple of 54?
True
Does 343 divide 61740?
True
Does 37 divide 4967?
False
Is 13 a factor of 975?
True
Is 10893 a multiple of 14?
False
Is 47 a factor of 11139?
True
Is 4381 a multiple of 35?
False
Does 60 divide 1292?
False
Is 3 a factor of 419?
False
Does 182 divide 26524?
False
Is 28 a factor of 31510?
False
Is 3 a factor of 902?
False
Does 10 divide 760?
True
Is 152 a multiple of 60?
False
Does 6 divide 387?
False
Is 26075 a multiple of 49?
False
Is 18 a factor of 6570?
True
Is 85 a factor of 850?
True
Is 11 a factor of 9394?
True
Is 18 a factor of 1296?
True
Is 29 a multiple of 2?
False
Is 7406 a multiple of 23?
True
Does 13 divide 1830?
False
Is 28 a factor of 886?
False
Is 101573 a multiple of 165?
False
Does 156 divide 23400?
True
Does 29 divide 290?
True
Does 16 divide 266?
False
Does 83 divide 498?
True
Is 82991 a multiple of 40?
False
Is 388 a multiple of 42?
Fa